vative of 1/4*q**4 + 131*q + 0*q**2 - 3 - 1/3*q**3. Is t(0) composite?
False
Suppose g + 3*n + 0*n - 467 = 0, 0 = 3*g + 5*n - 1397. Let z = g + -265. Is z a composite number?
False
Suppose t + 1887 = -v, -4*t = v + v + 7542. Let b = -971 - t. Is b a prime number?
False
Let n = 18946 + -26610. Let j = -5473 - n. Is j composite?
True
Let d = -679 - -1166. Is d composite?
False
Suppose -2*t + 2*z = -34, 0*z - 4*z = -2*t + 36. Let q be t*(-32 + (-3 - -4)). Let x = q - -1031. Is x a composite number?
True
Let s be (-4)/(-12)*1*6. Suppose 2*n - 5*l = -3*l + s, -l - 6 = -2*n. Is (n/15)/(3/2277) a composite number?
True
Suppose 3*n + 3*a = -0*n + 645, -5*n = 4*a - 1071. Is n prime?
True
Let w(a) = -2*a**2 - 16*a - 12. Let d be w(-7). Suppose -d*i + 3*i - 252 = -2*y, -135 = -y + 4*i. Is y prime?
True
Suppose -112689 = -8*i - 10777. Is i a composite number?
False
Suppose -o + 31346 = 2*j - 6234, 4*j - 75154 = o. Is j a prime number?
False
Let y be 7/(14/4) + 672. Suppose -6*l + y = -5*l. Suppose -q + 3*q = l. Is q composite?
False
Suppose -m - 3*m = 0. Is (-4 - -8) + m + 1797 composite?
False
Let x be (0 - 2)*1 + 144. Let a be (-4)/4*-1 + 66. Let r = x + a. Is r prime?
False
Suppose 4*k - 3*k = 2. Suppose -3*a = k*a - 25. Suppose 381 - 106 = a*u. Is u a prime number?
False
Let d(r) = 8*r - 5. Let y(t) = -12*t + 8. Let x(o) = 8*d(o) + 5*y(o). Let h be x(-1). Is -1*(-662)/h*-2 a composite number?
False
Let n be (-3 - -6) + (-5)/(-5). Let m(y) = 5*y**3 - y**2 + 2*y - 5. Is m(n) a composite number?
False
Suppose 0 = 3*p - 15 + 240. Let c be 169 - (-6)/(-2)*-1. Let n = c + p. Is n a prime number?
True
Suppose -4*y + 17*s + 248325 = 18*s, -4*y - 5*s = -248329. Is y prime?
True
Suppose v + 2*f + f = 4487, 3*f - 12 = 0. Suppose -32*k - v = -37*k. Is k prime?
False
Let i(l) = -l**2 - 6*l - 6. Let p be i(-3). Suppose 2*v - 3*f + 8*f - 98 = 0, -173 = -p*v - f. Is v a composite number?
False
Let n = -7 + 47. Let d(v) = 56 - 7 + v + n + 34. Is d(0) prime?
False
Suppose 10*w - 2114 - 2756 = 0. Is w composite?
False
Let k(m) = m**3 + 11*m**2 - m - 9. Let l be k(-11). Suppose g + 141 = 4*q, 5*q + 0*g = l*g + 174. Is (34/(-6))/((-4)/q) a prime number?
False
Suppose 342 = 6*l - 84. Is l prime?
True
Let f be ((-60)/25)/((-1)/30). Let n be -4*2/12*-3. Suppose v - n = f. Is v a prime number?
False
Let y(n) = 5*n + 24. Let r(k) = -9*k - 48. Let q(m) = -4*r(m) - 9*y(m). Is q(-7) a prime number?
False
Suppose 3*f - 1388 = -f. Let z(l) = -5*l**3 - 4*l**2 + 6*l - 3. Let k be z(-4). Let v = f - k. Is v prime?
False
Suppose -3 = -3*a, 16 = 2*r - 2*a - 2*a. Is 542/(4/(r/5)) a composite number?
False
Let g(w) = 68*w**2 + w + 3. Suppose 0 = 4*d + 14 + 2. Is g(d) composite?
False
Suppose -6*t + 2*t + 12 = 0. Let x = 3 - t. Suppose -4*v + 18 + 310 = x. Is v composite?
True
Suppose -2*v + 6*v + 4 = 0. Let r be -1 + (2 - v) + 1. Suppose -4*l = r*g - 279, -g + 341 = 5*l - 5*g. Is l a composite number?
True
Let n(v) be the first derivative of 5 - 5/2*v**2 + v + v**3. Is n(-4) a composite number?
True
Let i be ((-125)/(-50))/((-10)/24). Suppose -3*w = 3*u - 24, u + 2 = 4*w - 5. Is i + u + 0 + 116 a composite number?
True
Let o(l) be the third derivative of 0 + 0*l**4 + 0*l - l**2 - 1/6*l**3 + 13/3*l**5. Is o(-1) composite?
True
Suppose -1221 - 314 = -5*s. Suppose -234 = -i + s. Is i prime?
True
Suppose -25*o = -41*o + 14512. Is o a prime number?
True
Let c(v) = 590*v - 5. Let t be c(5). Suppose 5*j - 11720 = t. Is j prime?
False
Suppose -27 = -5*z + 13. Suppose 2 = 3*b + z, 4*b = -4*u. Suppose u*q - 78 = 32. Is q prime?
False
Suppose 3*m - 1579 = 2*r - 6*r, 0 = -m + 5*r + 501. Is m a prime number?
True
Is (-6 + (-85)/(-10))/((-2)/(-3628)) composite?
True
Let z(j) = 46*j - 3. Let n be z(8). Suppose 0*t + 3*t - n = -2*f, 3*f = -4*t + 547. Suppose 144 = o - 5*s, f + 320 = 4*o - 5*s. Is o composite?
True
Suppose -2*w - 232 = -2*q, 4*q = -5*w - 518 - 89. Is (-21)/6*(w + -3) a composite number?
True
Suppose -2*a + 4*a - 2*c = 1294, 4*c = -a + 657. Is a a composite number?
True
Suppose 5*a + 92 + 3 = 5*q, 2*a + 4*q + 56 = 0. Let d(y) = y**3 + 22*y**2 - 28*y + 6. Is d(a) a composite number?
True
Let c(x) = -100*x + 1. Let a(t) = 4*t - 28. Let b be a(8). Let i(h) = -199*h + 1. Let z(l) = b*i(l) - 7*c(l). Is z(-1) a composite number?
True
Let v(k) = -4 - 22*k + 35*k + 87*k + 11. Let g(f) = -200*f - 14. Let r(q) = 6*g(q) + 11*v(q). Is r(-5) a composite number?
True
Let i = -4754 + 9564. Suppose 0*a + 5*a = i. Suppose 0*s + 2*s - a = 0. Is s composite?
True
Let i = -44 - -44. Let l(o) = 2*o + 69. Is l(i) composite?
True
Let k(d) = -d**3 - 5*d**2 + 7*d + 6. Let c be k(-6). Suppose 0*s - 5*s = c. Is -3*(-36 + s) - -1 prime?
True
Let a(z) = 325*z + 46. Is a(25) a composite number?
False
Suppose 5*x + 192 = 8*x. Is (-2)/3*(-8)/(x/2844) prime?
False
Suppose -6*v = 3*v - 18. Suppose -k - v*k = -3417. Is k composite?
True
Let z be 5201 + -1 + 5/(-5). Suppose -3*m + z = -4*x + x, -3468 = -2*m + x. Is m a prime number?
False
Let q = 635 - -1602. Is q a composite number?
False
Let n be (1/4)/(1/4). Let q(b) = 10*b - 5*b - 6*b + 50*b**2. Is q(n) composite?
True
Let l = 24053 - 4932. Is l composite?
False
Let j be (-1)/(0 + 4/4). Let c be 2*j*3244/(-8). Suppose 5*f = 234 + c. Is f a composite number?
True
Let j be 2/1 - 4 - -6. Suppose -7*d = -j*d. Suppose 2*w = 2, -v + d*v + 695 = 4*w. Is v a prime number?
True
Let x be 4 + (6/(-3) - 2). Suppose -24*b + 27*b - 2946 = x. Suppose -7*z = -5*z - b. Is z a prime number?
True
Let j be -4*(86/8 + 4). Let t = j - -310. Is t a composite number?
False
Suppose 5*f - w = 34, -4*f + 6*w + 44 = w. Suppose 10 = q + f. Suppose q*r + 473 = 3*x, -5*r + 39 = -x + 204. Is x composite?
True
Let r(q) = q**3 - 4*q**2 - 6*q + 1. Let o be r(5). Let k(n) = 5*n**3 + 3*n**2 + 6*n + 3. Let t be k(o). Let a = t - -434. Is a a prime number?
False
Is (-1 - (-7 - -1)) + 16658 a prime number?
False
Suppose 4859 + 15326 = 11*o. Is o a composite number?
True
Is ((-16)/(-28))/(2/14) + 3953 composite?
True
Suppose -4*k + 0*k = -4, 5*k = -g - 249. Suppose 0 = 5*x - 2*x + 4*c + 1509, 0 = -3*x + 2*c - 1509. Let j = g - x. Is j prime?
False
Suppose 0 = -2*c + 8 + 778. Let p = c - 140. Is p composite?
True
Let i(b) = b**3 - b**2 + 31. Let a(j) = j**3 + 5*j**2 + 6*j + 8. Let s be a(-4). Is i(s) composite?
False
Suppose 1728 + 816 = 3*f. Suppose -n + 2*n = 3*z + f, 4*n - 3400 = 4*z. Is n composite?
True
Let c(s) = s**3 + 10*s**2 + 5*s - 3. Let y be c(-9). Suppose -3*u - 3*t = -924 + y, -10 = -5*t. Is u a composite number?
True
Let b(q) = -247*q + 196. Let o(i) = 124*i - 99. Let r(t) = -6*b(t) - 11*o(t). Is r(11) prime?
False
Let v(h) = 71*h**2 - 13*h + 45. Is v(-14) prime?
True
Suppose 13*z - 3*w - 12247 = 12*z, 2*w + 24494 = 2*z. Is z a prime number?
False
Let h(w) = 2*w - 8. Let a be h(6). Is a/(-10)*-467 + 3/15 composite?
True
Suppose 3*r - 36 = 2*l, -5*r + 28 = -2*l - 4. Is 1305/7 + (-12)/l a prime number?
False
Suppose -i + 523 = -3. Is i composite?
True
Suppose 298 = 3*z - 143. Let p = z + -50. Is p a composite number?
False
Let b be (660/8)/(-11)*-136. Let j = b - 601. Is j prime?
True
Is (-2)/(-4) + 3071/2 + 1 a prime number?
False
Suppose 0 = q - 3*q + 6186. Suppose 0 = -5*d + 1172 + q. Is d composite?
False
Let v = -15 - -14. Let b be 1581/(-18) + v/6. Let r = b - -147. Is r composite?
False
Let g(p) = 6*p**3 - 17 + p + 51 + 0*p**3 - 7*p**3. Let z be g(0). Let c = z + 17. Is c a prime number?
False
Let h = 3319 - 1396. Is h prime?
False
Let g be (-14 + -5)*(-1 - 2). Suppose -g = -3*x + 3*t, -5*x + 3*t + 67 = 5*t. Is x a prime number?
False
Suppose -3*i - 19 = -2*s, 4*i = 3*s + 9*i - 76. Is 38*s + (-12)/(-6 + 2) a composite number?
True
Let i = 50 + 653. Is i a composite number?
True
Suppose 2*m = 2*z + 1 + 3, -3*z + 14 = 2*m. Suppose g - 126 = -r + z*g, -4*r = -5*g - 502. Let h = 217 - r. Is h composite?
False
Is 8222 + -36 + 2 + 3 prime?
True
Let a be 2 + 0 + 1 + 2829. Suppose 0 = 5*w - l - 3546, a = 4*w + 4*l - 0*l. Is w a prime number?
True
Let v(l) = -5*l**3 + 6*l**2 - 4*l - 1. Let o be v(5). Let r = o + 211. Let s = 496 + r. Is s composite?
False
Let d = -71 - -44. Suppose 2*p - 23 = 69. Let o = p + d. Is o composite?
False
Let r = -288 - -286. Suppose -2 = 5*w + 8. Is r/(-3)*(-489)/w co